042 is divided by 670?
372
Calculate the remainder when 93118 is divided by 371.
368
What is the remainder when 2690 is divided by 156?
38
Calculate the remainder when 3593 is divided by 239.
8
What is the remainder when 5877 is divided by 1103?
362
Calculate the remainder when 10321 is divided by 2580.
1
What is the remainder when 5431 is divided by 411?
88
Calculate the remainder when 9612 is divided by 4399.
814
Calculate the remainder when 3862702 is divided by 11.
8
Calculate the remainder when 438252 is divided by 344.
340
Calculate the remainder when 153297 is divided by 261.
90
What is the remainder when 9460 is divided by 77?
66
Calculate the remainder when 9557 is divided by 45.
17
What is the remainder when 6031936 is divided by 314?
310
What is the remainder when 31459 is divided by 4491?
22
Calculate the remainder when 30434 is divided by 498.
56
Calculate the remainder when 59091 is divided by 38.
1
What is the remainder when 4154973 is divided by 28?
25
What is the remainder when 678 is divided by 78?
54
What is the remainder when 7448 is divided by 3708?
32
Calculate the remainder when 170078 is divided by 91.
90
What is the remainder when 1864065 is divided by 36?
21
What is the remainder when 560297 is divided by 432?
425
What is the remainder when 31706 is divided by 13?
12
What is the remainder when 4105 is divided by 217?
199
Calculate the remainder when 53476 is divided by 24.
4
Calculate the remainder when 830146 is divided by 662.
660
Calculate the remainder when 8354 is divided by 1392.
2
Calculate the remainder when 3261 is divided by 596.
281
What is the remainder when 4715 is divided by 248?
3
What is the remainder when 6715 is divided by 3000?
715
What is the remainder when 29176 is divided by 24?
16
Calculate the remainder when 3035 is divided by 1424.
187
What is the remainder when 12346 is divided by 69?
64
Calculate the remainder when 11217 is divided by 68.
65
What is the remainder when 9976 is divided by 481?
356
Calculate the remainder when 2848 is divided by 49.
6
What is the remainder when 13128 is divided by 158?
14
What is the remainder when 44780 is divided by 311?
307
What is the remainder when 51119 is divided by 568?
567
Calculate the remainder when 25918 is divided by 25918.
0
What is the remainder when 87 is divided by 1?
0
What is the remainder when 345 is divided by 342?
3
Calculate the remainder when 15350 is divided by 220.
170
What is the remainder when 2009 is divided by 572?
293
Calculate the remainder when 254 is divided by 11.
1
Calculate the remainder when 1347 is divided by 82.
35
Calculate the remainder when 760971 is divided by 3280.
11
Calculate the remainder when 333678 is divided by 172.
170
Calculate the remainder when 8973 is divided by 34.
31
What is the remainder when 4887 is divided by 661?
260
Calculate the remainder when 890492 is divided by 1152.
1148
What is the remainder when 1944 is divided by 115?
104
Calculate the remainder when 3102 is divided by 1020.
42
What is the remainder when 2067 is divided by 30?
27
What is the remainder when 12455 is divided by 428?
43
What is the remainder when 1821 is divided by 446?
37
What is the remainder when 67547 is divided by 433?
432
What is the remainder when 146080 is divided by 48685?
25
What is the remainder when 1453 is divided by 114?
85
What is the remainder when 47756 is divided by 15917?
5
Calculate the remainder when 20794 is divided by 3464.
10
Calculate the remainder when 1023 is divided by 64.
63
What is the remainder when 172132 is divided by 219?
217
What is the remainder when 654 is divided by 210?
24
What is the remainder when 51661 is divided by 157?
8
What is the remainder when 2630 is divided by 294?
278
What is the remainder when 131121 is divided by 21852?
9
Calculate the remainder when 192391 is divided by 19.
16
What is the remainder when 1520 is divided by 752?
16
What is the remainder when 179085 is divided by 91?
88
Calculate the remainder when 520 is divided by 58.
56
What is the remainder when 198700 is divided by 19862?
80
Calculate the remainder when 77660 is divided by 19415.
0
Calculate the remainder when 789285 is divided by 283.
281
What is the remainder when 9222 is divided by 1536?
6
Calculate the remainder when 1199 is divided by 151.
142
What is the remainder when 1543 is divided by 242?
91
Calculate the remainder when 3103 is divided by 249.
115
Calculate the remainder when 1484948 is divided by 134994.
14
What is the remainder when 8587 is divided by 782?
767
What is the remainder when 1430061 is divided by 4751?
10
What is the remainder when 27387 is divided by 1369?
7
Calculate the remainder when 100125 is divided by 38.
33
What is the remainder when 222548 is divided by 433?
419
What is the remainder when 19240 is divided by 741?
715
What is the remainder when 806122 is divided by 682?
680
What is the remainder when 1595 is divided by 128?
59
What is the remainder when 309 is divided by 151?
7
What is the remainder when 3684 is divided by 8?
4
Calculate the remainder when 9334 is divided by 3109.
7
What is the remainder when 143 is divided by 45?
8
Calculate the remainder when 5704 is divided by 1422.
16
What is the remainder when 29904 is divided by 227?
167
What is the remainder when 1784 is divided by 463?
395
What is the remainder when 9161841 is divided by 1649?
1646
What is the remainder when 284967 is divided by 23?
20
What is the remainder when 13789 is divided by 1721?
21
What is the remainder when 4631 is divided by 3719?
912
What is the remainder when 10904 is divided by 2718?
32
What is the remainder when 10565 is divided by 11?
5
What is the remainder when 11393 is divided by 1855?
263
Calculate the remainder when 417 is divided by 132.
21
What is the remainder when 22631 is divided by 686?
679
Calculate the remainder when 8438 is divided by 222.
2
What is the remainder when 17795 is divided by 87?
47
What is the remainder when 1396 is divided by 129?
106
What is the remainder when 8301 is divided by 124?
117
What is the remainder when 9306 is divided by 9306?
0
What is the remainder when 94798 is divided by 246?
88
What is the remainder when 4868 is divided by 118?
30
Calculate the remainder when 996 is divided by 330.
6
Calculate the remainder when 342457 is divided by 252.
241
Calculate the remainder when 3351327 is divided by 8.
7
Calculate the remainder when 6489 is divided by 1615.
29
What is the remainder when 1705 is divided by 19?
14
Calculate the remainder when 3179 is divided by 3159.
20
Calculate the remainder when 4620 is divided by 1152.
12
Calculate the remainder when 47005 is divided by 3.
1
Calculate the remainder when 217052 is divided by 239.
40
What is the remainder when 21712 is divided by 10856?
0
Calculate the remainder when 2437 is divided by 1119.
199
What is the remainder when 3091 is divided by 1027?
10
What is the remainder when 31121 is divided by 182?
181
What is the remainder when 142282 is divided by 6467?
8
Calculate the remainder when 1504 is divided by 458.
130
What is the remainder when 19786 is divided by 115?
6
What is the remainder when 421574 is divided by 73?
72
Calculate the remainder when 1660 is divided by 507.
139
What is the remainder when 1760 is divided by 449?
413
What is the remainder when 315166 is divided by 315161?
5
What is the remainder when 9713 is divided by 1615?
23
What is the remainder when 7578 is divided by 16?
10
Calculate the remainder when 7047 is divided by 1026.
891
What is the remainder when 22910 is divided by 57?
53
What is the remainder when 1102223 is divided by 511?
507
What is the remainder when 601991 is divided by 648?
647
Calculate the remainder when 22874 is divided by 693.
5
What is the remainder when 146376 is divided by 7703?
19
Calculate the remainder when 78514 is divided by 302.
296
What is the remainder when 1808 is divided by 98?
44
What is the remainder when 35677 is divided by 19?
14
What is the remainder when 139996 is divided by 34999?
0
Calculate the remainder when 3982 is divided by 984.
46
What is the remainder when 1302 is divided by 76?
10
Calculate the remainder when 693 is divided by 179.
156
Calculate the remainder when 35929 is divided by 349.
331
Calculate the remainder when